0*d = -p*m + 90. What is the units digit of m?
0
What is the units digit of (0 - -43)*(-9)/(-9)?
3
What is the units digit of (-1)/6 - (-278)/12?
3
Suppose 4*h - 160 = 160. What is the units digit of (1/2)/(4/h)?
0
Let k(v) = v**3 - 7*v**2 - 6*v + 9. What is the tens digit of k(8)?
2
Let q(c) = c**2 - 4*c - 8. What is the units digit of q(7)?
3
Suppose -x - 3*x = -16. Suppose x*c - 3*q - 7 = 2*q, 0 = 2*q - 10. Let a = c + 3. What is the tens digit of a?
1
Suppose -5*j - 3*n = -0*n + 12, -4*n = 3*j + 16. Suppose 4*r - 3*b - 22 - 5 = j, -r + 5*b = -11. Suppose f - 2*f = -r. What is the units digit of f?
6
Suppose -2*q - 29 = -137. Suppose -2*y = y - q. What is the tens digit of y?
1
Let c = 1 - -2. Let i(h) = -2*h + h + 2*h**3 - 7*h**2 - 4*h**3 + h**c. What is the units digit of i(-7)?
7
Let i(q) = 3*q**2 - 8*q - 1. What is the tens digit of i(4)?
1
Let m be (17 + -1)*9/(-6). Let t = m + 15. Let g = t - -13. What is the units digit of g?
4
Suppose -3*b + 176 = 5*a, 3*b + b - 62 = -2*a. Suppose 2*j = -p + 16, p + p = -5*j + a. What is the units digit of p?
6
Let j = -50 + 84. What is the units digit of j?
4
Suppose 0*i + 3 = i. Let o(d) = -4*d**3 - 2*d**3 + 5*d**2 + 2*d + 7*d**i - 1. What is the units digit of o(-4)?
7
Suppose 3*p - 3*j + 5*j = 56, -10 = 5*j. What is the units digit of ((-16)/p)/((-4)/30)?
6
Let x(r) = -r + 2. Let a be x(2). Suppose 5*u + 2*t = 40 - a, 0 = 4*u - 5*t - 65. What is the tens digit of u?
1
Suppose -5*c + 2*o - 1 = 17, 4*c + 13 = 3*o. What is the units digit of (-21)/(-9) - c/6?
3
Suppose 3*n = -2*c + 15, -c + 29 = 3*c + 5*n. Let h be (-6)/(-4) - (-3)/c. What is the units digit of h/6*(7 - -2)?
3
Suppose d + 3 = 0, -25 = 2*w - 0*d - 3*d. Let s = -11 - w. What is the units digit of s?
6
Suppose -34 = -5*x + 2*d - 86, 5*x + 2*d + 68 = 0. Let z = x + 33. What is the tens digit of z?
2
Let j = -2 - -4. Let f be (0/(3/(-3)))/j. Suppose f = -4*a + 3*a + 8. What is the units digit of a?
8
Let x = 9 - 3. What is the units digit of x?
6
Let r(d) = -3 + 2*d + 0*d - 1. Let z be r(4). Suppose -z*k + 4*i + 8 = 0, 2*k - 1 = k + 2*i. What is the units digit of k?
3
Suppose -8*h = -13*h + 1030. What is the hundreds digit of h?
2
Suppose -z = 1 - 16. What is the tens digit of z?
1
Let g(a) = -5*a**3 - a**2 - 2*a - 1. Let q be g(-1). Suppose -3*z = -0*w - 2*w - 1, -5 = -q*w. What is the units digit of 7 + 2 - (1 + z)?
7
Let g = 5 + -3. Suppose -2*h = g*h - 88. What is the units digit of h?
2
What is the units digit of ((-6)/(-8) - 0) + (-9048)/(-96)?
5
Suppose -1 = -l + 2. Suppose 5*p = -l*o - 49, 0 = -p + 3*o - 0*o - 17. Let c = 17 + p. What is the units digit of c?
6
Let a be 0/(-1)*2/4. Suppose -5*f + 4*f = -3. Suppose l + 1 = 3*m + 17, -3*m - f = a. What is the units digit of l?
3
Let a be -2*(-1 + 3/6). Let l = a - -5. What is the units digit of l?
6
Suppose 4*m + 0*m - 664 = 0. What is the tens digit of m?
6
Suppose 3*c = -5*t + 140, -3*t + 2*c + 59 = -25. Suppose 2*y = 24 + t. What is the tens digit of y?
2
Suppose 3*b + 35 = -v, v - 3*v = 4*b + 46. Let p = 11 + 7. Let w = p + b. What is the units digit of w?
6
Let i = -1 - -2. Let y be 2 + -3 - (-5)/i. Suppose 56 = y*q - 0*q. What is the tens digit of q?
1
Suppose i - y = 82, 2*i + y + 3*y = 152. What is the tens digit of i?
8
Suppose -5*f + 0*f = -10. Let w = 7 - f. What is the units digit of w?
5
Let g = 50 + -21. What is the tens digit of g?
2
Let f(y) = -5*y**3 + 6*y**2 - y + 1. Let x(d) = 14*d**3 - 18*d**2 + 4*d - 3. Let a(h) = 11*f(h) + 4*x(h). What is the units digit of a(6)?
9
Let d = -8 + 14. Let v(u) = -u**3 + 7*u**2 - 2. What is the units digit of v(d)?
4
Suppose -10*s = -15*s + 1345. What is the hundreds digit of s?
2
Suppose h - 9 = 3. Suppose 2*i = -4*a + h, i + 5*a - 1 = 2. What is the units digit of i?
8
What is the units digit of (-3)/15 + 26/5?
5
Let g(l) = l**3 + 7*l**2 - 10*l - 6. Suppose 8*s + 16 = 6*s. What is the tens digit of g(s)?
1
Let p = 170 - 121. What is the tens digit of p?
4
Let p = -2 + 5. Suppose -5*x = -p*n + 73, 3*n + 4*x - 8 = 20. What is the tens digit of n?
1
Let w be 150/35 - (-2)/(-7). Suppose q - w*l - 7 = 0, -3*q - 2*l + 11 = -4*l. Let c = 4 - q. What is the units digit of c?
1
Let h(d) = d**3 + 2*d**2 + 4*d + 4. Let s be h(-2). What is the units digit of (s/(-6))/(13/117)?
6
Let l = -8 - -5. Let q be 35*2/15*l. Let z = q - -24. What is the units digit of z?
0
Let v be (-17)/(-4) - 3/12. Suppose -v*t = -46 + 14. What is the units digit of (-4)/t*8/(-2)?
2
Let h(f) = 3*f**3 - 1. Let l be (-5)/15*-1*3. Let y be h(l). Suppose 2*k = 8, -14 = -y*q + 2*k - 2. What is the units digit of q?
0
Let v(h) = -h - 2. Let o be v(2). Let t(u) = u**2 - 7*u - 10. What is the tens digit of t(o)?
3
Let m(r) = r**2 - 8*r + 2. Let v be (0/3 + -16)/(-2). Let z be m(v). What is the units digit of (21/(-6))/(z/(-4))?
7
Let j = 20 - 14. Suppose -5*z = 2*o + 2 + j, 0 = -z - 4. What is the units digit of (-2)/8*-6*o?
9
Let w(x) = -x**2 - 3*x. Let m be w(-3). Suppose -2*l + 4 - 16 = m. Let y = l - -16. What is the tens digit of y?
1
Suppose 6 + 6 = 3*k - 4*a, 2*k - 5*a - 1 = 0. Let x(b) = -b**3 + 7*b**2 + 9*b - 6. What is the units digit of x(k)?
2
Let i(h) = 5*h. Let o(q) = 6*q + 1. Let x(c) = -5*i(c) + 4*o(c). Let d be x(4). Suppose 0 = r - d - 4. What is the units digit of r?
4
Suppose -5*s + 19 = 174. Let n = s + 55. What is the units digit of n?
4
Let p be (-4)/(-10) + 54/15. Let v(q) = -4*q. Let z be v(-1). Suppose -i - i = z*h - 22, 2*i - p*h = 14. What is the units digit of i?
9
Let g = -5 - -2. Let i be (-12)/(g - -1) + -3. What is the tens digit of (-4)/(-6) + 43/i?
1
Let h = 36 + -21. Let b = 23 - h. What is the units digit of b?
8
Let u be (-1)/((-105)/36 + 3). What is the tens digit of (-9)/2*u/2?
2
Let x be (1 + 2 - 2)*-27. Let k = -4 - x. What is the tens digit of k?
2
Let k = -11 + 15. What is the units digit of 80/2 + 1 + k?
5
Let w(y) = y + 9. Let p be w(-7). Suppose -5*k + 255 = p*x + 3*x, -x + 59 = 3*k. What is the units digit of x?
7
Let q(z) = -z**3 - 4*z**2 + 5. Let v be q(-4). Suppose v*f - 11 - 39 = 0. What is the tens digit of f?
1
Let b(u) = u + 2. Let a be (2/(-6))/(1/(-9)). Let s be b(a). Suppose -3*n - k = -25, -s*n - k + 17 = -3*n. What is the units digit of n?
8
Let j(s) = -s**3 - 2*s**2 - 2*s + 2. Let x be 16/9 - 2/(-9). Suppose -h + x = 4. What is the units digit of j(h)?
6
What is the units digit of ((-5)/50*8)/(2/(-260))?
4
Let y = -30 - -48. Suppose 3*m - 43 = 5*x, -3*x + y = 4*m - 20. What is the tens digit of m?
1
Suppose 3*m - 2*i = -24, -5*m + 4*m + i = 8. Let l = 11 + m. What is the units digit of (2/4)/(l/126)?
1
Let p = 5 + 5. What is the units digit of 64/p + (-4)/10?
6
Let d be 2*(-3)/6 - -5. Suppose -4*f + 71 = d*q - q, 4*f = -q + 69. What is the tens digit of f?
1
Let h = 12 + -2. What is the tens digit of h?
1
Suppose -g = 3*g - 56. What is the units digit of (6/7)/(2/g)?
6
Let v(f) = f**3 - 7*f**2 - f + 9. Let q be v(7). Suppose 0 = 3*n + q*n - 10. Let i = 10 - n. What is the units digit of i?
8
Suppose 9 = -5*u - 1, -p + 2*u + 33 = 0. What is the tens digit of p?
2
Let v be (3/(-4))/(9/(-24)). Suppose v*h - 5*y = 27, -h = y - 4*y - 15. What is the units digit of h?
6
What is the units digit of -1*(2 + -1) + (-480)/(-4)?
9
Let f(c) = -9*c + 1. Let t be f(-5). Let l be t/2 + (-3)/3. Suppose l + 13 = 5*k. What is the units digit of k?
7
Suppose 5*s + 20 = 115. Let p = s + -11. What is the units digit of p?
8
Suppose -5*c - 64 = -2*n, 2*n - 44 = -0*n - 5*c. What is the units digit of n?
7
Let b(c) be the third derivative of c**6/3 - c**5/60 + c**4/24 - c**3/6 - 6*c**2. What is the units digit of b(1)?
9
Let s(l) = -l**3 - 4*l**2 + 5*l - 2. Let a be (-3)/9 - 28/6. Let u be s(a). Let p = u + 4. What is the units digit of p?
2
Let u(g) = 46*g**3 - g**2 + g. What is the tens digit of u(1)?
4
Let s = -7 - -8. Let k = s - -4. Suppose -3*f - k = -44. What is the units digit of f?
3
Suppose -4*b + 18 - 2 = 0. What is the units digit of (-6)/b*44/(-6)?
1
Let h(p) = -p**3 + 6*p**2 + 8*p - 5. Let w be (9/3)/(-3)*-7. What is the units digit of h(w)?
2
Let q = -29 - -62. Suppose -q - 7 = -5*y. What is the units digit of 6/15 - y/(-5)?
2
Let x(o) = -o + 1. Let a be x(-1). Let w = 1 + a. Suppose v - 4*i = 15, 0 = v + w*i + 11 -